s digit of x?
2
Let v(u) = -u + 1. Suppose -r - 41 = -2*x + 5*x, r = 2*x + 19. What is the units digit of v(x)?
3
Suppose -3*g + 12 = -84. Suppose 3*m - 62 = m + 5*i, m - 3*i - g = 0. What is the units digit of m?
6
Let p = 16 - -15. What is the units digit of p?
1
Suppose 4*k - 30 = 18. Suppose -d = 3*d - k. What is the units digit of d?
3
Suppose 2*n = n + 11. Suppose -34 = -5*h - 9. Suppose 0 = h*z + n - 51. What is the units digit of z?
8
Let x be (-1)/(78/(-27) + 3). Let w = -8 - x. What is the units digit of w?
1
Let p(f) = f**3 - 1. Let a(c) = -3*c**2 + 5*c - 1. Let t(l) = -a(l) + p(l). Let d be t(-4). What is the units digit of 34/d - 2/(-4)?
9
What is the units digit of -1*(2 + -1)*-17?
7
Suppose -80 - 121 = -3*w. Suppose -3*k + w = -i, 3*k - 74 = 5*i - 27. What is the units digit of k?
4
Let a(o) = -2*o**3 - o**2 + 2*o + 1. What is the tens digit of a(-3)?
4
Let b(k) = k**2 + 0 - 1 + k**2 + 0*k + 2*k. What is the units digit of b(1)?
3
Suppose -2*i = -24 - 8. What is the tens digit of 11/(2*4/i)?
2
Suppose -5*s - 4*j + 27 = 0, -3*j - 9 = -5*s - j. Suppose 0 = -m + s*b + 35, 4*m - 118 = b - 0*b. What is the units digit of m?
9
What is the units digit of (-2)/(-20) - 199/(-10)?
0
Suppose -k + 368 = -3*j, 0 = 4*k - 4*j - 0*j - 1504. Suppose -5*n + 2*t + 394 = 24, -5*n + 4*t + k = 0. What is the tens digit of n/7 - (-2)/(-7)?
1
Suppose 18 = -2*w + 72. Suppose -5*k = -s + w, -6*k = -3*s - k + 31. What is the units digit of s?
2
Let l(o) = 11*o**3 + o**2 - o. Let w be l(1). Let q = w + 5. What is the units digit of q?
6
Suppose 4*u - 3*d - 234 = -22, 5*u - 268 = 3*d. Suppose 5*k - u = 109. Suppose 3*h + 5*o - k = 0, -1 = -2*h + 2*o + 5. What is the units digit of h?
6
Let i(t) = t**2 - 10*t - 11. Suppose 7*n = n + 72. What is the units digit of i(n)?
3
Let x(s) = s**3 - 14*s**2 - 11*s + 4. What is the tens digit of x(15)?
6
Suppose 0 - 4 = -f, 170 = 5*s + 5*f. What is the units digit of s?
0
Suppose 4*r + 92 = 6*r. What is the units digit of r?
6
Suppose 5*i + 327 = -4*o, 2*i + 0*o + 141 = -5*o. What is the tens digit of i/(-4) + 1/4?
1
Suppose 3*d - 2*n + 32 = 0, -3*d = -6*n + 2*n + 34. Let w = d + 40. What is the units digit of w?
0
Let r(m) = -3*m + 4. Let y be r(4). Let z = 17 + y. Suppose z*i - 30 = 4*i. What is the units digit of i?
6
Let b = -4 - -45. What is the units digit of b?
1
Suppose 8*u = 3*u - 3*a - 100, -10 = 2*a. Let q = -5 - u. What is the tens digit of q?
1
Let h be 2057/(-5) + (-14)/(-35). Let u = -266 - h. What is the tens digit of u/15 - (-1)/3?
1
Let l = -1 + -13. What is the tens digit of (5 + -1)/(l/(-49))?
1
Let n(y) = y**2 + 4*y + 8. What is the units digit of n(5)?
3
Let h = 4 + 2. Suppose 7*f - h = 5*f. What is the units digit of f?
3
Let t(g) = -g**3 + 11*g**2 - 8*g - 6. What is the units digit of t(9)?
4
Let t(o) = -o**2 - 8*o - 1. Let g be t(-7). Suppose g = l + 3*p - 12, -72 = -4*l - 5*p. What is the units digit of l?
8
Suppose -9*w + 66 = -6*w. Suppose -4*f = -w - 10. What is the units digit of f?
8
Let m = 3 - 3. What is the units digit of (-12)/8*(m + -10)?
5
Suppose 0 = 2*w - g + 7, 5*g = -w + 6*w + 25. What is the units digit of 3 + (w - 1) - -4?
4
Let a(i) = -i + 0*i - 8*i - 3*i. What is the tens digit of a(-1)?
1
Suppose 3*u - 87 = 156. What is the units digit of u?
1
Let a(s) = 7*s - 7. Let n be a(5). Let m = -16 + n. What is the tens digit of m?
1
Suppose 0*x - 185 = -2*k + 5*x, 3*k = 2*x + 261. What is the tens digit of k?
8
Suppose -3*p = 4*a - 14, -4*p - 26 = -p - 4*a. Let q = -9 + 16. Let w = p + q. What is the units digit of w?
5
Let t be 8/(-20) + (-12)/(-5). Let s = -1 + t. What is the units digit of s?
1
Suppose 3*u - 198 = -4*i, -u + 2 = -0*u. What is the units digit of i?
8
Let n = 3 + -1. Suppose -3*b + 8 = 5*t - 0*t, -3*b + 1 = -n*t. What is the units digit of b?
1
Let q(d) = -5*d + 8. Let v be q(5). Let x = 78 - 52. Let i = v + x. What is the units digit of i?
9
Let m be (1/(-2))/((-1)/6). Suppose -w = -m*w + 8. What is the units digit of w?
4
Suppose -7*v = -2*v. Suppose 0 = -5*u - 4*t + 47, -u + t + 12 + 1 = v. Suppose u = -2*q + 3*q. What is the tens digit of q?
1
Suppose 3*m + 82 - 645 = -2*i, 377 = 2*m + i. Let j = -110 + m. Suppose 3*d = -d + o + j, -o - 62 = -3*d. What is the units digit of d?
9
Let y be (-12)/42 + (-124)/7. Let c = y - -19. What is the units digit of c?
1
Suppose -5*p - d = -229, p - d - 3*d - 50 = 0. What is the units digit of p?
6
Let h(t) = t**2 - 5*t + 6. Let n be h(4). Let j(i) = -i**3 - 2*i**2 - i + 1. Let d be j(-2). Suppose n*b - 35 = -d*b. What is the units digit of b?
7
Let r be (-3)/9 + 14/6. Suppose r = i - 5. What is the units digit of i?
7
Let o(t) = -t**3 + 6*t**2 - 6*t + 1. Suppose 5*v + 0*r + r = 12, -2*r = 4*v - 12. Suppose s + 0*s - 12 = -2*f, -3*s = v*f - 20. What is the units digit of o(f)?
9
Let i(r) = -r**2 + 13*r - 11. Let t be 0 + (7 - (-2 - -4)). Let v(d) = -d**2 + 7*d + 2. Let k be v(t). What is the units digit of i(k)?
1
Let m = 5 - 5. Suppose l - 6*l = m. Suppose l = -4*q - 6 + 42. What is the units digit of q?
9
Let d = 13 - 9. Let c = d - -15. What is the units digit of c?
9
Suppose i + 4*i = -3*t + 313, -3*i + 191 = t. Suppose -4*g = g - i. What is the tens digit of g?
1
Let w(b) = 4*b - 14. Let c be (4 - 14)*(-1 + 0). What is the units digit of w(c)?
6
Suppose 4*n + 7 + 9 = 0. Let u be 6 - (-4)/(n - -2). Suppose -3*s - 10 = -u*s. What is the units digit of s?
0
Let i(r) = 2*r**2 - r**2 + 0*r**2 - 1. Let l be (12/(-36))/(1/(-6)). What is the units digit of i(l)?
3
Suppose 7 = 5*o - 3*v + 1, -2*o - 4*v = -18. Suppose 0 = -o*x - 3*t + 57, 3*t = t - 8. What is the tens digit of x?
2
Let l be (-3)/(-2) - 117/(-2). Suppose -3*d - 2*d = -l. What is the tens digit of d?
1
Let g(s) = 75*s - 20. What is the hundreds digit of g(3)?
2
Let t = 10 + -2. Suppose -3*q = -t*q + 65. What is the tens digit of q?
1
Suppose 3*i = 6*i - 63. Suppose 0*w = 3*w - i. What is the units digit of w?
7
Let p(y) = -y**3 - 11*y**2 + 12*y + 2. Let w be p(-12). What is the units digit of (w*1)/((-2)/(-20))?
0
Let p = -333 - -153. What is the units digit of 42/(-9)*p/35?
4
Let z(j) = 2*j + 6. Let w be z(-5). What is the units digit of -6*(2/w - 0)?
3
Suppose 6 = -2*j - 4. Let v(x) = -x**3 - 6*x**2 - 7*x - 7. Let l be v(j). Suppose l*i - 2*z - 20 = 0, z + 2 = -z. What is the units digit of i?
6
Let r = 18 + 398. What is the tens digit of r?
1
Suppose 196 = 2*q + 18. Suppose 9 - q = -2*n. What is the units digit of n?
0
Suppose -144 = 4*c - 3*f, 0 = -4*c + 2*f - 153 + 13. Let r = -14 - c. What is the tens digit of r?
1
Let r(v) = v**3 + v**2 + v + 1. Let z be r(-2). Let p be -2*1/5*z. Suppose 0 = -2*y + 7*q - 3*q - 12, 0 = p*y - q. What is the units digit of y?
2
Let x(a) = 1 + 4*a + 4 - a + 1. What is the tens digit of x(6)?
2
Let n = 2 + -6. Let q be 10 - (1 + (-6)/(-2)). Let a = q - n. What is the tens digit of a?
1
Suppose 3*h = 922 - 187. What is the hundreds digit of h?
2
Let a(b) = 2*b**3 - 2*b**2 - 3*b + 3. Let j be a(2). Suppose 4*d = 10 + 54. Suppose 0 = j*c - 3*c - d. What is the units digit of c?
8
Let b = -39 + 55. What is the tens digit of b?
1
Let f = 15 + 2. What is the units digit of f?
7
Let h(v) = -170*v. What is the tens digit of h(-1)?
7
Let t = -10 + 11. What is the units digit of (0 - -2)/(t/2)?
4
Let t(k) = -3*k**2 + 2 + 2*k**2 + 4*k**2 - 2*k**2 + 3*k. Let q be t(-3). Suppose -14 = -r - 4*h, -4*r - q*h = -0*h - 42. What is the tens digit of r?
1
Suppose 2*g + 42 = 2*k - 2*g, 5*k + g - 116 = 0. What is the units digit of k?
3
Let u(w) = -2*w + 26. What is the units digit of u(12)?
2
Suppose -l + 16 = 3*v, 18 + 6 = 4*v + 2*l. Suppose 2*x + i = v*x + 1, 5*i + 22 = x. What is the units digit of 2 - (-1)/(x + 2)?
1
Let m(k) = k**3 - 6*k**2 - 7*k + 2. Let j be m(7). Suppose f + 5*v - v = 22, -j*f + 4*v + 20 = 0. What is the units digit of f?
4
Let a(t) be the second derivative of -t**5/20 - t**4/12 + t**3/6 - t**2/2 + 4*t. What is the units digit of a(-2)?
1
Suppose -4*z = -4*l + 1132, 0 = -l - 0*l - z + 291. What is the tens digit of l?
8
Suppose -10 + 4 = -b. Let w(u) = -u**3 - 10*u**2 + 11*u - 5. Let y be w(-11). Let o = y + b. What is the units digit of o?
1
Suppose -g = b - 4*g + 3, -2*g = -3*b - 9. What is the units digit of -3 - (-24)